d derivative of -1/2*s**2 + s + s**3 + 0 + 1/8*s**4. Let q(a) be the first derivative of l(a). Calculate q(-4).
-6
Let x(r) be the first derivative of -2*r**2 + 2*r + 3. Determine x(2).
-6
Suppose -a + 5*u = -7, 3*a - 3*u - 9 = -0*u. Let w = 7 - a. Suppose 0 = -w*k + 5*f, -4*k = 2*f + 2 - 8. Let o(v) = -7*v**3 - v**2 + 1. Calculate o(k).
-7
Let j(h) be the first derivative of -h**3/3 + 3*h**2 + 6*h - 2. Let w be j(6). Let z(x) = 2*x - 5. Calculate z(w).
7
Let f(q) = -q**2 - 2*q + 1. Let o = -57 + 41. Let h = 43 + o. Suppose 7 - h = 5*v. What is f(v)?
-7
Let x(q) be the first derivative of -q**6/120 - q**5/12 - q**4/24 + q**3/6 + q**2/2 - 4. Let l(b) be the second derivative of x(b). What is l(-5)?
6
Let p(w) = w - 3. Suppose -2 = 3*z - 20. Suppose -3*l + 15 - z = 0. Give p(l).
0
Let m(d) = 2*d - 1 - d - 6*d - 4*d. What is m(1)?
-10
Let o(h) = 6*h**2 - 4*h**3 + 8*h - 1 + 8*h**3 - 5*h**3. Calculate o(7).
6
Suppose -3*v = -10*v. Let m(o) = o**3 - 11 + 24 + 0*o**3. Give m(v).
13
Let h(o) = 2*o**2 + 4*o + 3. Let c(g) = -g**2 - 3*g + 2. Let k be c(-7). Let a be k/10 + (-2)/5. Give h(a).
9
Let z(k) = 2*k - 5. Let s = 16 + -12. Calculate z(s).
3
Let y(t) = 2*t**3 - 4*t**2 - t - 4. Let g(n) be the first derivative of -n**4/4 + n**3/3 + n - 4. Let b(s) = -3*g(s) - y(s). Calculate b(0).
1
Let u(x) = 2*x**2 + x - 12 + 12 + x**3. Suppose 5 = -0*t + t. Suppose q - 2 = 5*r + 12, 0 = -2*q - t*r - 17. Determine u(q).
0
Let g be 0 - ((-11)/(-1) + -3). Let i(r) = -r**3 - 7*r**2 + 9*r + 4. Calculate i(g).
-4
Let a(m) = -15*m**2 - 6*m + 5. Let v(n) = -15*n**2 - 5*n + 4. Let r(f) = -4*a(f) + 5*v(f). Suppose -9*b = 13*b + 22. What is r(b)?
-14
Let w = -6 + 5. Let o be ((-12)/(-14))/(w/(-7)). Let n(j) = 4*j - j - 2*j + o. Determine n(-6).
0
Let a be 2/7 + 232/(-28). Let b(f) = f + 7. What is b(a)?
-1
Let w(q) = -q**3 + 4*q**2 + 6*q - 4. Suppose 20 = 10*x - 6*x. Suppose x*i - 15 = 10. Calculate w(i).
1
Suppose 2*y = -2*y. Suppose -c + 5*c + 8 = y. Let o(h) = 2 + 4*h - 3*h + 3*h. Determine o(c).
-6
Let t(n) be the second derivative of n**4/12 + 26*n. Calculate t(3).
9
Let i(p) = -3*p**2 - p - 2. Let j(o) = -9*o**2 - 4*o - 6. Let a(d) = 7*i(d) - 2*j(d). Let q(x) be the first derivative of a(x). Calculate q(1).
-5
Suppose 3*a + 0 - 3 = 0. Let f(x) = -2*x + 3 - 2 + 6*x**2 + 0*x**2. What is f(a)?
5
Let i = 8 - 8. Let t(z) = z**2 + 3. Let u be t(i). Suppose -5 = 2*o + u*o. Let p(s) = -4*s**3 - s**2 - s. What is p(o)?
4
Let k(b) = b + 16. Let c = 155 - 164. Calculate k(c).
7
Let j(s) = 6 + 2*s**3 - 2*s + 8*s + 7*s**2 - s**3. Let p be j(-6). Suppose 2*c = p + 4. Let h(d) = d. What is h(c)?
5
Let s(g) = 14 + 4*g - 14. Suppose 0 = -f + 2*f + 2. Let m be (-5 - f)/(2 - 1). Give s(m).
-12
Let p(m) = m**2 - 8*m + 4. Let z(q) = 14*q**2 - q - 1. Let d be z(-1). Suppose -4*o + 10 = -d. Calculate p(o).
-8
Suppose 2*g + 4*x = -g + 16, 2*g - 12 = -4*x. Let i(y) = -4*y - 5*y**2 + 3*y**2 - 8 + g + y**2. What is i(-4)?
-4
Suppose -4*h + 8 = -0*h. Let k(x) = 1 - 3*x**3 - 3*x**2 + x**h + 4*x + 2*x**3. Let f be k(-3). Let y(w) = w**2 - w + 1. What is y(f)?
7
Let k(z) = z**3 + z**2 - 2*z + 9. Let s be k(0). Let t(a) = -a**3 + 10*a**2 - 9*a + 4. Calculate t(s).
4
Suppose 18 = -2*h + 4*q, h + 3*q = -2*h - 27. Let x(y) = -2*y - 10. What is x(h)?
8
Let x(y) be the second derivative of y**5/20 + 3*y**4/4 + 5*y**2 - 17*y. Determine x(-9).
10
Let n(f) = -5*f + 11. Let r(w) = 11*w - 22. Let l(z) = 13*n(z) + 6*r(z). Calculate l(-7).
4
Let t = 0 - -9. Suppose -q + 4*q + t = 0. Let f(x) = -2 + 4*x**2 + 0 + x**3 - 2 + 5 + x. What is f(q)?
7
Let s(c) = -c**3 + 3*c**2 + 4*c - 2. Suppose 0 = 5*t - 2*y - 14, -6*t + 3*t + y = -9. Suppose -t*o - o = -20. Suppose h - 20 = -o*h. Give s(h).
-2
Let x(i) = -3*i**3 - 6*i**2 + 10*i + 3. Let d(m) = 10*m**3 + 18*m**2 - 31*m - 9. Let c(g) = -2*d(g) - 7*x(g). Determine c(-7).
4
Let u(r) = -r. Let g = 7 + -4. Suppose -4*j = -3*l + 31, -2*l + 3*j = -5*l + g. Suppose -2 = -l*d + 13. What is u(d)?
-3
Let t(v) = -v**2 - 4*v - 1. Let x = 12 - 16. Determine t(x).
-1
Let i(s) = -5*s - 2. Let m be (-1 - -3)*(-9)/6. Determine i(m).
13
Suppose 15 = -5*r, 3*x - 7*r = -2*r + 21. Let k(y) = 6*y - 3. Give k(x).
9
Suppose -15*d - 6 = -14*d. Let m(k) = 4 - 1 + 3*k + 6. Give m(d).
-9
Suppose -30 = -2*z + 2*o, o = -5*z + 30 + 15. Let s be 2/(-9) + 43/(-9). Let w = z + s. Let i(g) = g**3 - 5*g**2 + g - 4. Determine i(w).
1
Let z(r) = r**3 + 3*r**2 + r. Suppose 1 = -4*w - 19. Let p(y) = 5*y - 4*y + 2 + 0*y. Let b be p(w). What is z(b)?
-3
Let c = -9 - -11. Let k = 5 + -1. Let y(q) = -3 + 1 - 2*q**2 + k*q**2. What is y(c)?
6
Let k(g) = -g - 4. Let c be k(-6). Suppose -2*n + 13 - 5 = 0. Let r(p) = 3*p**3 - n*p**3 - 3*p**2 + 3*p**2. Give r(c).
-8
Let h(b) = 4*b + 15. Let d(q) = 7*q + 29. Let t(z) = 3*d(z) - 5*h(z). Determine t(-5).
7
Suppose 0 = -5*u - 0*u + 15. Suppose 0*w + 12 = u*w. Let h(c) = -c**3 + 5*c**2 - c - 3. Determine h(w).
9
Let q(v) be the first derivative of v**4/4 + 2*v**3/3 - 3*v**2/2 + 4*v - 47. Let s be -4 + -1 - (-2 + 1). Let f = -7 - s. Calculate q(f).
4
Let h(o) = -o**2 + 4. Let g(s) = -s - 8. Let x be g(-10). Suppose -7*p + x*p = -20. Suppose -3*i = 5*b + 24, -b = -p*i + 4*b + 3. Give h(i).
-5
Suppose 0*f + 4 = 4*f. Let j = f - -3. Let a(i) = i**3 + i**2 - i. Let v(r) = 3*r**3 - 3*r**2 + 2*r - 4. Let y(p) = 2*a(p) - v(p). Determine y(j).
4
Let v = 5 - 2. Suppose -v*a = -4*b + 10, 1 = 2*a + 5. Let k(o) = 2 - o - 2. Give k(b).
-1
Let v(x) = 2*x + 25. Let c be v(-12). Let a(q) = -14*q**3 + q**2 + q - 1. Determine a(c).
-13
Let v(s) = 3*s**2 + s - 1. Suppose -5*c - 1 = -21. Suppose -c*a + 5 = a. Give v(a).
3
Let q be 446/8 - 3/(-12). Let f(v) = -3*v + v**2 - 3*v + q - 53. Calculate f(4).
-5
Let i(o) be the second derivative of 1/24*o**4 - 5/3*o**3 + o + 0 - 2*o**2. Let y(p) be the first derivative of i(p). Give y(6).
-4
Let h(b) be the first derivative of -b**4/12 + 7*b**3/6 - b + 1. Let q(f) be the first derivative of h(f). Calculate q(5).
10
Suppose -4 = 4*n + q, -q = -4*n - 3*q. Let t be 3/n*4/6. Let y = t - 1. Let m(v) = -2*v - 2. Determine m(y).
2
Let h(u) = -4*u - 25. Let r(k) = k + 6. Let o(x) = 2*h(x) + 9*r(x). What is o(-3)?
1
Let u(m) be the third derivative of m**4/24 + 11*m**3/6 - 3*m**2. Determine u(-7).
4
Suppose -22*y + 24*y = 0. Let g(b) be the third derivative of 0*b + b**3 + 0*b**4 - 3*b**2 + 0*b**5 + y - 1/120*b**6. Give g(0).
6
Let k(q) = -q + 1. Let t(h) = 8*h - 52. Let g(f) = 3*f - 17. Let a(r) = -10*g(r) + 3*t(r). Let w(v) = -a(v) + 5*k(v). Calculate w(4).
-5
Let n(p) be the second derivative of p**5/20 + 5*p**4/12 + p**3/2 - 5*p**2/2 + 3*p. Determine n(-4).
-1
Let j(c) = -c - 8. Let o be j(-9). Let d(n) = 8*n**2 + 2*n - 1. What is d(o)?
9
Let d(j) = -j**3 - 5*j**2 - 3*j. Let g be (-6)/4*(5 + -3). Calculate d(g).
-9
Let l(p) = -1 - 4 + p + 3 + 1. Calculate l(-2).
-3
Suppose 3*r = r + 6. Let i be -1 + -2 + (4 - r). Let a(z) = -z. Let k(m) = -9*m + 1. Let s(d) = -6*a(d) + k(d). Calculate s(i).
7
Let h(r) = -r**2 - 6*r - 5. Let g = -32 - -28. Calculate h(g).
3
Let x(n) = -3 - 2 - n + 0 + n**2 - 2. Suppose 3*a = 2*z + 6, 3*z - 4*a = a - 10. Determine x(z).
-7
Let x(q) = -52 + 29 - q**2 + 0*q**2 + 26. Determine x(0).
3
Let h(y) = y**3 - 2*y**2 - 5*y - 3. Let j be h(4). Let k = j + -14. Let v(r) = -4*r**2 + 0*r**2 + 15*r - 2*r**2 - 20*r - r**3. What is v(k)?
0
Let r(p) = -7*p - 4. Let s(t) = -10*t - 6. Let h(j) = 7*r(j) - 5*s(j). Let x(a) = 6*a**3 - a. Let q be x(1). Determine h(q).
7
Let y be 2*(1 + (-15)/(-10)). Let u(k) = -k**2 + 3*k. What is u(y)?
-10
Let o(w) be the third derivative of -w**5/60 - w**4/12 - w**2. Suppose 0*a - 5*a - 26 = 3*g, 0 = -4*g - 8. Determine o(a).
-8
Let j = 41/96 - 3/32. Let i(p) be the first derivative of -j*p**3 + 1 - 6*p - 7/2*p**2. Calculate i(-4).
6
Let w(m) = -4*m + m + 4*m - m**2 + 1. Let g = -15 + 11. Let c be 6/(-8) + (-15)/g. What is w(c)?
-5
Let b(s) be the second derivative of 0*s**4 + s + 0 - 1/5*s**5 + 1/3*s**3 - 1/2*s**2. Calculate b(1).
-3
Let y(j) = -j**3 + 417*j**2 + 4*j + 3 - 417*j**2. What is y(-2)?
3
Let a(s) be the second derivative of s**3/6 - 7*s**2/2 + 34*s. Determine a(-6).
-13
Let y(a) = -6*a + 13. Let t(h) = -h + 1. Let g(f) = 4*t(f) - y(f). Determine g(6).
3
Suppose 2 = 5*d - 3, d = y. Let m(u) = 6